
485
What is the remainder when 1306482 is divided by 68?
66
Calculate the remainder when 16961 is divided by 941.
23
Calculate the remainder when 2217 is divided by 177.
93
Calculate the remainder when 317581 is divided by 639.
637
Calculate the remainder when 4858 is divided by 610.
588
Calculate the remainder when 5046 is divided by 416.
54
What is the remainder when 4520 is divided by 892?
60
Calculate the remainder when 8085 is divided by 311.
310
What is the remainder when 6726 is divided by 689?
525
Calculate the remainder when 10075 is divided by 778.
739
What is the remainder when 986 is divided by 328?
2
Calculate the remainder when 315684 is divided by 28698.
6
Calculate the remainder when 82959 is divided by 96.
15
Calculate the remainder when 11369 is divided by 406.
1
What is the remainder when 3191 is divided by 152?
151
Calculate the remainder when 89701 is divided by 375.
76
What is the remainder when 128076 is divided by 1067?
36
Calculate the remainder when 447248 is divided by 47.
43
Calculate the remainder when 45496 is divided by 7.
3
Calculate the remainder when 48711 is divided by 406.
397
Calculate the remainder when 14768 is divided by 3691.
4
Calculate the remainder when 92624 is divided by 630.
14
Calculate the remainder when 14445 is divided by 237.
225
Calculate the remainder when 14699 is divided by 84.
83
Calculate the remainder when 2062 is divided by 9.
1
What is the remainder when 14295 is divided by 1786?
7
Calculate the remainder when 2476 is divided by 1237.
2
What is the remainder when 17775 is divided by 17763?
12
Calculate the remainder when 8210 is divided by 167.
27
Calculate the remainder when 83705 is divided by 131.
127
What is the remainder when 285126 is divided by 142544?
38
What is the remainder when 26387 is divided by 26366?
21
Calculate the remainder when 2561 is divided by 278.
59
Calculate the remainder when 11277 is divided by 66.
57
What is the remainder when 103282 is divided by 25812?
34
Calculate the remainder when 1508 is divided by 17.
12
Calculate the remainder when 29042 is divided by 137.
135
Calculate the remainder when 6010 is divided by 1419.
334
What is the remainder when 166282 is divided by 166273?
9
Calculate the remainder when 3121 is divided by 1022.
55
Calculate the remainder when 19252 is divided by 139.
70
What is the remainder when 165330 is divided by 62?
38
What is the remainder when 978 is divided by 299?
81
What is the remainder when 14655 is divided by 4866?
57
Calculate the remainder when 854557 is divided by 784.
781
Calculate the remainder when 164641 is divided by 1105.
1101
Calculate the remainder when 786 is divided by 14.
2
Calculate the remainder when 4965 is divided by 86.
63
Calculate the remainder when 5167 is divided by 103.
17
What is the remainder when 6256 is divided by 7?
5
Calculate the remainder when 6644 is divided by 175.
169
What is the remainder when 23246 is divided by 233?
179
What is the remainder when 1714 is divided by 46?
12
Calculate the remainder when 5907 is divided by 536.
11
Calculate the remainder when 5180 is divided by 141.
104
What is the remainder when 1452 is divided by 1003?
449
Calculate the remainder when 24193 is divided by 198.
37
Calculate the remainder when 14408 is divided by 7140.
128
What is the remainder when 7393 is divided by 15?
13
Calculate the remainder when 1962 is divided by 257.
163
What is the remainder when 138376 is divided by 287?
42
Calculate the remainder when 2981 is divided by 22.
11
Calculate the remainder when 6346884 is divided by 1118.
1116
What is the remainder when 7656 is divided by 1012?
572
Calculate the remainder when 13459 is divided by 4234.
757
Calculate the remainder when 4801 is divided by 227.
34
Calculate the remainder when 2273 is divided by 116.
69
Calculate the remainder when 1009 is divided by 138.
43
What is the remainder when 13033 is divided by 4336?
25
Calculate the remainder when 230928 is divided by 52.
48
Calculate the remainder when 13381 is divided by 176.
5
Calculate the remainder when 252438 is divided by 12.
6
Calculate the remainder when 15533 is divided by 42.
35
What is the remainder when 207063 is divided by 572?
571
What is the remainder when 19663 is divided by 15?
13
Calculate the remainder when 1868 is divided by 617.
17
Calculate the remainder when 8678 is divided by 2159.
42
What is the remainder when 4590 is divided by 1516?
42
What is the remainder when 3695 is divided by 1154?
233
What is the remainder when 583709 is divided by 30719?
48
Calculate the remainder when 596125 is divided by 93.
88
What is the remainder when 31025 is divided by 221?
85
What is the remainder when 4527 is divided by 27?
18
What is the remainder when 1547 is divided by 381?
23
Calculate the remainder when 483383 is divided by 101.
98
What is the remainder when 10655 is divided by 320?
95
Calculate the remainder when 20991 is divided by 2998.
5
Calculate the remainder when 1723 is divided by 83.
63
What is the remainder when 16638 is divided by 8317?
4
What is the remainder when 60134 is divided by 64?
38
What is the remainder when 2096 is divided by 413?
31
What is the remainder when 3411 is divided by 850?
11
Calculate the remainder when 59799 is divided by 1758.
27
What is the remainder when 14310 is divided by 73?
2
What is the remainder when 112459 is divided by 995?
24
Calculate the remainder when 629 is divided by 268.
93
What is the remainder when 2824 is divided by 169?
120
What is the remainder when 1005 is divided by 144?
141
Calculate the remainder when 20293 is divided by 17.
12
Calculate the remainder when 10455 is divided by 134.
3
Calculate the remainder when 353597 is divided by 5.
2
What is the remainder when 221679 is divided by 16?
15
What is the remainder when 3689 is divided by 2?
1
What is the remainder when 10783 is divided by 5365?
53
Calculate the remainder when 26591 is divided by 14.
5
What is the remainder when 11171 is divided by 5576?
19
Calculate the remainder when 5522 is divided by 349.
287
What is the remainder when 24041 is divided by 857?
45
What is the remainder when 4053 is divided by 1969?
115
Calculate the remainder when 576 is divided by 176.
48
Calculate the remainder when 205189 is divided by 26.
23
What is the remainder when 1422 is divided by 25?
22
Calculate the remainder when 965 is divided by 410.
145
Calculate the remainder when 5081 is divided by 2016.
1049
Calculate the remainder when 1064 is divided by 637.
427
What is the remainder when 1916785 is divided by 213?
211
What is the remainder when 1135 is divided by 552?
31
What is the remainder when 174034 is divided by 802?
0
Calculate the remainder when 35004 is divided by 2059.
1
What is the remainder when 1167730 is divided by 163?
161
Calculate the remainder when 2630 is divided by 437.
8
Calculate the remainder when 77680 is divided by 2099.
17
Calculate the remainder when 64367 is divided by 16088.
15
Calculate the remainder when 178640 is divided by 12.
8
What is the remainder when 1467861 is divided by 1073?
1070
What is the remainder when 1842 is divided by 489?
375
What is the remainder when 103348 is divided by 265?
263
Calculate the remainder when 2257 is divided by 1001.
255
Calculate the remainder when 4512 is divided by 193.
73
Calculate the remainder when 82974 is divided by 41481.
12
Calculate the remainder when 3901 is divided by 154.
51
What is the remainder when 12991 is divided by 38?
33
Calculate the remainder when 8894 is divided by 1294.
1130
Calculate the remainder when 48571 is divided by 24275.
21
What is the remainder when 36660 is divided by 46?
44
Calculate the remainder when 22245 is divided by 97.
32
Calculate the remainder when 14747 is divided by 14630.
117
Calculate the remainder when 14415 is divided by 2058.
9
Calculate the remainder when 118468 is divided by 19741.
22
Calculate the remainder when 3407 is divided by 318.
227
Calculate the remainder when 1003 is divided by 6.
1
What is the remainder when 17164 is divided by 2512?
2092
Calculate the remainder when 7794 is divided by 325.
319
What is the remainder when 2980 is divided by 90?
10
What is the remainder when 132650 is divided by 7802?
16
What is the remainder when 37436 is di